 the remainder when 43 is divided by v(k).
13
Let q be (3/(-1))/(0 - -1). Suppose 4*j - 5*m - 7 = -0*m, -4*j - m + 37 = 0. Calculate the remainder when j is divided by 1*(1 - 1 - q).
2
Suppose 3*f + 2*d = 35, 4*d - 50 = -4*f + 2. Suppose -15 + 51 = 4*u. What is the remainder when (-17)/(-2)*(11 - f) is divided by u?
8
Let x = 15 + -2. Suppose 4*h - 73 = 127. Calculate the remainder when h is divided by x.
11
Suppose -3*c - 18 = -132. What is the remainder when c is divided by 8?
6
Suppose 3*h = 21 + 3. What is the remainder when 29 is divided by h?
5
Suppose -2*u + 6*q - 3*q - 24 = 0, 4*u + 2*q = -80. Let h be ((-78)/u)/(2/24). Suppose h - 12 = 5*c. What is the remainder when 15 is divided by c?
7
Let c = 46 - 29. Calculate the remainder when 84 is divided by c.
16
Let x = 26 - 7. What is the remainder when 35 is divided by x?
16
Let m = 84 - -201. Calculate the remainder when m is divided by 41.
39
Let c = 15 + -11. Suppose 5*r + 3*n + 10 = 61, -2*r = 4*n - 26. Let y(q) = 2*q - 12. Calculate the remainder when y(r) is divided by c.
2
Suppose 0 = -2*q + 4*j + 12, -3*j + 2 = -3*q + 5. Let a = q + 21. Calculate the remainder when a is divided by 10.
7
Suppose 0*z - z = -12. Suppose 92 = -12*q + 14*q. Calculate the remainder when q is divided by z.
10
Suppose g = -j + 5, 5*g = -0*j + 2*j - 38. What is the remainder when j is divided by 5?
4
Suppose 2*g = 2*z + 6, z - 6*z = -g - 1. What is the remainder when ((-6)/18)/(z/(-42)) is divided by 8?
6
Suppose 2*m - 10 = -o - 1, 3*o = -5*m + 25. Suppose -5*b - 2*d - 55 = d, -o*b - 60 = 4*d. What is the remainder when 20 is divided by (-52)/b + (-2)/(-4)?
6
Let r be 1/(-2) - 85/10. What is the remainder when 2 - 45/(r/3) is divided by 5?
2
Let v be 1*5*(-18)/(-15). Suppose -a + 6*a = m - v, 2*m - a - 12 = 0. Suppose 0 = -2*z + m. Calculate the remainder when 8 is divided by z.
2
Let q = -29 + 36. Let m = 6 - 4. Calculate the remainder when (2 + m)*(-27)/(-4) is divided by q.
6
Let n(b) = 3*b**2 - 1. Let y(z) = 3*z**2 + 25*z - 34. Calculate the remainder when n(-4) is divided by y(-10).
15
Let h(g) = g**2 + g - 12. What is the remainder when h(-8) is divided by 12?
8
Calculate the remainder when 88 is divided by (-62)/(-2) + -7*4/(-28).
24
Suppose 4*p = 5*l - 80, -3*p = l - 21 + 5. Calculate the remainder when (48 - (3 - 0))*1 is divided by l.
13
Let m be 24/18 - 2/(-3). Suppose m*x - 4 = 4. Suppose f - 26 = -5*y, -4*y = -x*f + 2*f + 66. Calculate the remainder when f is divided by 11.
9
Suppose 6*l = 5*l + 85. Suppose 0 = -4*u + l + 51. Calculate the remainder when u is divided by 18.
16
Let q be 4/(-6)*(-36)/8. Suppose -q*k = 3*s - 102, -4*k + 3*s = -25 - 132. What is the remainder when k is divided by 20?
17
Suppose -5*h - 296 = -3*u, -2*u + 2*h = 3*u - 468. What is the remainder when u is divided by 19?
16
Suppose -2*x + 5 = -5. Let q = -20 + 29. Calculate the remainder when q is divided by x.
4
Suppose -5*y = -y - 20, -3*y = -4*a - 15. Suppose a = -t - 2*t - 21. Let f(z) = z**2 + z + 8. What is the remainder when f(t) is divided by 17?
16
Let f be 3 + 126/(5 - 2). Calculate the remainder when 18/f - (-133)/5 is divided by 15.
12
Suppose -5*g + 475 = 55. Suppose -4*h + 4 = -g. Suppose 22 = -5*w + 82. Calculate the remainder when h is divided by w.
10
Let v(j) = j**2 - 4*j. Let q be v(4). Suppose -3*s + 87 + 129 = q. Suppose -k - 23 = -s. What is the remainder when k is divided by 17?
15
What is the remainder when 51 is divided by (2 - 3/2)*26?
12
Let w = 7 - 5. Suppose -6 = -4*d + 22. Calculate the remainder when d is divided by w/(-1)*-1*2.
3
Let l(o) = -2*o**3 + 2*o**2 + 3*o - 7. What is the remainder when l(-2) is divided by 4?
3
Let j(g) = g - 2. Let m(t) = -3*t - 1. Let d(s) = s + 6. Let b be d(-7). What is the remainder when m(b) is divided by j(3)?
0
Let j(x) = 4*x + 1. Let g be j(-2). Let v be g*(0 - 90/(-21)). Calculate the remainder when (0 + -4)/(3/v) is divided by 14.
12
Suppose 0 = -2*x + 134 + 14. Calculate the remainder when x is divided by 19.
17
Suppose 5*v + 3*x - 46 = 4*x, 5*x - 31 = -4*v. What is the remainder when 12 is divided by v?
3
Let n be (-2 + 6/2)*0. Suppose n*l - 98 = -2*l. What is the remainder when l is divided by 25?
24
What is the remainder when 39 is divided by ((-12)/1)/(-6) + 3?
4
Let z = -25 - -56. What is the remainder when 60 is divided by z?
29
Let a(b) = -b**2 - 33*b - 60. What is the remainder when a(-29) is divided by 15?
11
Suppose -144 = -2*z - 108. What is the remainder when 1/3 - (-155)/3 is divided by z?
16
Let x be (-8)/20 - (-48)/(-5). Let q(y) = y**2 + 9*y - 13. Let g be q(x). What is the remainder when 15/(6*g/(-12)) is divided by 4?
2
Let b be -1*4*(-3 + 1). Suppose 4*t - 133 = z, -181 + b = -5*t - z. Calculate the remainder when t is divided by 9.
7
Suppose -3*y - 11 = -4*s - 2, -5*s + 16 = y. Calculate the remainder when 46 is divided by s.
1
Suppose -4*u = -6*u + 2. Let o(a) = 15*a**3 - a**2 + a - 1. Calculate the remainder when 27 is divided by o(u).
13
Suppose 3*t = o + 6, t + 4*o = 4*t - 6. Suppose 45 = t*i + 11. Calculate the remainder when 49 is divided by i.
15
Let l be -1*(3 + -2 - 2). Suppose -24 = -5*c + l. Suppose 2*b + c*y - 8 = y, -5*y = -4*b + 81. What is the remainder when 40 is divided by b?
12
Suppose -54 = 4*b - 218. Let h(k) = -k**3 - 8*k**2 + 11*k + 32. What is the remainder when b is divided by h(-9)?
13
Suppose 61 + 19 = 4*c. Let f = -7 + c. What is the remainder when 1 + 36 - (2 - 3) is divided by f?
12
Suppose 141 = 3*o - 2*w + 50, 2*o + 5*w - 48 = 0. Calculate the remainder when o is divided by 17.
12
Suppose 0 = -z + 12 - 4. Calculate the remainder when 10 is divided by z.
2
Let v(k) = -2*k**2 - 6*k - 1. Let q be v(-5). Let n = 29 + q. Calculate the remainder when 15 is divided by n.
7
Suppose j + 2 = -2*t, -1 + 11 = 3*t - 5*j. Let g(s) = s**2 - 2*s + 1. Let u be g(3). Suppose t = -3*o + 8 + u. Calculate the remainder when o is divided by 3.
1
Suppose 24 = j - 3*w, -5*j + w = 4*w - 192. What is the remainder when 70 is divided by j?
34
Let i(r) = -8*r - 2. Let m = -14 + 10. Let v = 23 - 12. What is the remainder when i(m) is divided by v?
8
Let u = -1 + 1. Suppose u = -0*c - c. Suppose c = -3*z - 15, 2 = 2*d - 4*d - 2*z. Calculate the remainder when d is divided by 3.
1
Suppose -4*h + 3*u = 122, -5*u - 110 - 60 = 5*h. What is the remainder when 42 is divided by h/(-3) + (-4)/(-12)?
9
Let g be 2*(-6)/4*1. Calculate the remainder when 49 is divided by 12 - (g - -1)/2.
10
Suppose -1 + 7 = -3*v. What is the remainder when (3/v)/((-15)/1040) is divided by 35?
34
Let a(m) = -m**2 - 2*m - 5. Let s be a(-5). Let l = -8 - s. What is the remainder when 23 is divided by l?
11
Let s(v) = 10*v**3 + v**2 - v - 1. What is the remainder when s(2) is divided by 14?
11
Suppose 5*z + 2*a - 14 = 2, a - 3 = 0. Suppose 4 = 3*c + 2*c - p, 0 = 3*c - p - z. Calculate the remainder when 8 is divided by -2 + c/2*14.
3
Suppose -52 = -3*h + 71. Let m = h + -28. What is the remainder when 49 is divided by m?
10
Let r be (5/((-1)/(-1)))/1. Suppose 65 = r*j - 25. Calculate the remainder when j is divided by 5.
3
Let s(x) = 18*x**2 + 2*x + 1. Let n(t) = 2*t**2 - 1. Calculate the remainder when s(-1) is divided by n(2).
3
Suppose 0 = -5*z + 58 - 33. Calculate the remainder when 48 is divided by z.
3
Suppose 0 = 2*v - 2*k - 22, 26 = v + 2*k - 0*k. Calculate the remainder when 29 is divided by v.
13
Let j = -85 - -144. Let c be 2/(-8) + (-358)/8. Let b = c - -65. Calculate the remainder when j is divided by b.
19
Let x be (-4)/18 + (-58)/(-18). Suppose x*h = 22 + 8. Calculate the remainder when (-86)/(-3) - 1/(-3) is divided by h.
9
Suppose -25 = -3*l + l + 5*p, -3*p = l - 29. Let j = -12 - -27. Suppose j = 2*d - 7. Calculate the remainder when l is divided by d.
9
Let a(s) = -s**3 + 8*s**2 - 8*s + 2. Let n be a(7). Let v(p) = -6*p - 2. Calculate the remainder when v(n) is divided by 15.
13
Let o(y) = y + 32. Calculate the remainder when 59 is divided by o(-16).
11
What is the remainder when (-4)/6*((-519)/6 + -2) is divided by 30?
29
Suppose -32 - 4 = -4*d. Let p = 11 + -8. Calculate the remainder when d is divided by p.
0
Let g = -131 - -165. What is the remainder when g is divided by 10?
4
Let p(g) = -g**3 + 2*g**2 + 3*g - 3. Suppose -j + 3*s = -17